{"version":"1.0","provider_name":"CNAJMJ","provider_url":"https:\/\/www.cnajmj.fr\/en\/","author_name":"Btissame","author_url":"https:\/\/www.cnajmj.fr\/en\/author\/btissame\/","title":"Mavic, une reprise solide par Bourrelier Group\u2026 juste avant le Tour de France - CNAJMJ","type":"rich","width":600,"height":338,"html":"<blockquote class=\"wp-embedded-content\" data-secret=\"joz7wvsSQg\"><a href=\"https:\/\/www.cnajmj.fr\/en\/ecoute\/mavic-reprise-bourrelier-group\/\">Mavic, une reprise solide par Bourrelier Group\u2026 juste avant le Tour de France<\/a><\/blockquote><iframe sandbox=\"allow-scripts\" security=\"restricted\" src=\"https:\/\/www.cnajmj.fr\/en\/ecoute\/mavic-reprise-bourrelier-group\/embed\/#?secret=joz7wvsSQg\" width=\"600\" height=\"338\" title=\"&#8220;Mavic, une reprise solide par Bourrelier Group\u2026 juste avant le Tour de France&#8221; &#8212; CNAJMJ\" data-secret=\"joz7wvsSQg\" frameborder=\"0\" marginwidth=\"0\" marginheight=\"0\" scrolling=\"no\" class=\"wp-embedded-content\"><\/iframe><script>\n\/*! This file is auto-generated *\/\n!function(d,l){\"use strict\";l.querySelector&&d.addEventListener&&\"undefined\"!=typeof URL&&(d.wp=d.wp||{},d.wp.receiveEmbedMessage||(d.wp.receiveEmbedMessage=function(e){var t=e.data;if((t||t.secret||t.message||t.value)&&!\/[^a-zA-Z0-9]\/.test(t.secret)){for(var s,r,n,a=l.querySelectorAll('iframe[data-secret=\"'+t.secret+'\"]'),o=l.querySelectorAll('blockquote[data-secret=\"'+t.secret+'\"]'),c=new RegExp(\"^https?:$\",\"i\"),i=0;i<o.length;i++)o[i].style.display=\"none\";for(i=0;i<a.length;i++)s=a[i],e.source===s.contentWindow&&(s.removeAttribute(\"style\"),\"height\"===t.message?(1e3<(r=parseInt(t.value,10))?r=1e3:~~r<200&&(r=200),s.height=r):\"link\"===t.message&&(r=new URL(s.getAttribute(\"src\")),n=new URL(t.value),c.test(n.protocol))&&n.host===r.host&&l.activeElement===s&&(d.top.location.href=t.value))}},d.addEventListener(\"message\",d.wp.receiveEmbedMessage,!1),l.addEventListener(\"DOMContentLoaded\",function(){for(var e,t,s=l.querySelectorAll(\"iframe.wp-embedded-content\"),r=0;r<s.length;r++)(t=(e=s[r]).getAttribute(\"data-secret\"))||(t=Math.random().toString(36).substring(2,12),e.src+=\"#?secret=\"+t,e.setAttribute(\"data-secret\",t)),e.contentWindow.postMessage({message:\"ready\",secret:t},\"*\")},!1)))}(window,document);\n\/\/# sourceURL=https:\/\/www.cnajmj.fr\/wp-includes\/js\/wp-embed.min.js\n<\/script>\n","thumbnail_url":"https:\/\/www.cnajmj.fr\/wp-content\/uploads\/2022\/04\/b.histoires.png","thumbnail_width":556,"thumbnail_height":416,"description":"Une belle histoire, celle de la reprise de Mavic, leader mondial de la roue et de la jante de v\u00e9lo depuis 1889 et connue du grand public pour ses c\u00e9l\u00e8bres voitures jaunes d\u2019assistance technique lors du Tour de France. L\u2019aventure de ce groupe plus que centenaire, aurait pu s\u2019arr\u00eater il y a quelques mois, apr\u00e8s [&hellip;]"}

Une belle histoire, celle de la reprise de Mavic, leader mondial de la roue et de la jante de vélo depuis 1889 et connue du grand public pour ses célèbres voitures jaunes d’assistance technique lors du Tour de France. L’aventure de ce groupe plus que centenaire, aurait pu s’arrêter il y a quelques mois, après [&hellip;]
