{"id":13320,"date":"2021-05-23T15:57:00","date_gmt":"2021-05-23T15:57:00","guid":{"rendered":"https:\/\/www.cnajmj.fr\/ecoute\/la-reprise-dalteo-gardanne-par-ums\/"},"modified":"2021-05-23T15:57:00","modified_gmt":"2021-05-23T15:57:00","slug":"la-reprise-dalteo-gardanne-par-ums","status":"publish","type":"ecoute","link":"https:\/\/www.cnajmj.fr\/en\/ecoute\/la-reprise-dalteo-gardanne-par-ums\/","title":{"rendered":"La reprise d\u2019Alt\u00e9o Gardanne par UMS"},"content":{"rendered":"\n<p><mark style=\"background-color:rgba(0, 0, 0, 0)\" class=\"has-inline-color has-vivid-red-color\">UMS reprend Alt\u00e9o Gardanne et permet la relance d\u2019un fleuron historique de la m\u00e9tallurgie fran\u00e7aise.<\/mark><\/p>\n\n\n\n<p>Alt\u00e9o Gardanne, qui fournit 71&nbsp;% des besoins fran\u00e7ais en alumines de sp\u00e9cialit\u00e9, a fait l\u2019objet d\u2019un plan de redressement arr\u00eat\u00e9 le 7 janvier 2021 par le Tribunal de commerce de Marseille. Le plan propos\u00e9 conjointement par UMS, candidat repreneur et l\u2019entreprise, permet le redressement de cette derni\u00e8re, l\u2019apurement se son passif mais \u00e9galement le maintien de quasiment l\u2019int\u00e9gralit\u00e9 des 511 emplois.<\/p>\n\n\n\n<p>Alt\u00e9o Gardanne, fleuron historique de la m\u00e9tallurgie et de l\u2019aluminium install\u00e9 \u00e0 Gardanne depuis plus d\u2019un si\u00e8cle, pr\u00e9sid\u00e9e et contr\u00f4l\u00e9e par Alt\u00e9o Holding (ensemble, le Groupe Alt\u00e9o) est un leader mondial et le premier producteur fran\u00e7ais d\u2019alumines de sp\u00e9cialit\u00e9. Elle r\u00e9alise plus de 80&nbsp;% de son chiffre d\u2019affaires \u00e0 l\u2019international, approvisionne 600 clients et est le premier fournisseur int\u00e9gr\u00e9 d\u2019alumines de sp\u00e9cialit\u00e9 au monde.<\/p>\n\n\n\n<p>En 2019, le groupe conna\u00eet des difficult\u00e9s suite au durcissement des normes environnementales et \u00e0 l\u2019arriv\u00e9e \u00e0 \u00e9ch\u00e9ance en 2021 des autorisations de stockage des r\u00e9sidus de production, sans garantie de renouvellement. Par un jugement en date du 12 d\u00e9cembre 2019, le Tribunal de commerce de Marseille ouvre alors une proc\u00e9dure de redressement judiciaire. L\u2019objectif : mettre en \u0153uvre les mesures de restructuration d\u2019ajustement de la production et de r\u00e9duction des co\u00fbts n\u00e9cessaires et d\u00e9ployer les mesures d\u2019adaptation permettant de r\u00e9pondre aux imp\u00e9ratifs environnementaux.<\/p>\n\n\n\n<p>En d\u00e9pit du nombre important de marques d\u2019int\u00e9r\u00eats, l\u2019ensemble des candidats repreneurs jugent alors non viable l\u2019activit\u00e9 de transformation et concentrent leurs offres de reprise sur l\u2019activit\u00e9 de production. Mais l\u2019un des candidats repreneurs, UMSI, imagine un contrat avec Alteo Gardanne permettant ainsi d\u2019acqu\u00e9rir les actions d\u2019Alt\u00e9o Holding, pour devenir l\u2019actionnaire de contr\u00f4le d\u2019Alt\u00e9o Gardanne et pr\u00e9senter un plan de continuation viable.<\/p>\n\n\n\n<p>Cette nouvelle structuration, approuv\u00e9e par le minist\u00e8re de l\u2019\u00c9conomie et des Finances, a ainsi permis de maintenir la garantie environnementale donn\u00e9e par Rio Tinto \u00e0 Alt\u00e9o Gardanne SES tout en recentrant l\u2019activit\u00e9 du groupe sur les alumines de sp\u00e9cialit\u00e9.<\/p>\n\n\n\n<p>Le plan de redressement, dont les administrateurs judiciaires sont maintenant commissaires, a \u00e9galement permis de proposer des modalit\u00e9s d\u2019apurement du passif satisfaisantes et le maintien de la quasi-totalit\u00e9 des emplois directs et indirects qui ont un impact sur l\u2019activit\u00e9 portuaire de FOs. Une nouvelle \u00e8re s\u2019ouvre d\u00e9sormais pour Alteo, dont UMSI entend bien en faire le leader mondial des alumines de sp\u00e9cialit\u00e9s sur le long terme.<\/p>\n","protected":false},"featured_media":12575,"template":"","categorie-ecoutes":[42],"class_list":["post-13320","ecoute","type-ecoute","status-publish","has-post-thumbnail","hentry","categorie-ecoutes-les-belles-histoires-engl"],"acf":[],"publishpress_future_workflow_manual_trigger":{"enabledWorkflows":[]},"_links":{"self":[{"href":"https:\/\/www.cnajmj.fr\/en\/wp-json\/wp\/v2\/ecoute\/13320","targetHints":{"allow":["GET"]}}],"collection":[{"href":"https:\/\/www.cnajmj.fr\/en\/wp-json\/wp\/v2\/ecoute"}],"about":[{"href":"https:\/\/www.cnajmj.fr\/en\/wp-json\/wp\/v2\/types\/ecoute"}],"wp:featuredmedia":[{"embeddable":true,"href":"https:\/\/www.cnajmj.fr\/en\/wp-json\/wp\/v2\/media\/12575"}],"wp:attachment":[{"href":"https:\/\/www.cnajmj.fr\/en\/wp-json\/wp\/v2\/media?parent=13320"}],"wp:term":[{"taxonomy":"categorie-ecoutes","embeddable":true,"href":"https:\/\/www.cnajmj.fr\/en\/wp-json\/wp\/v2\/categorie-ecoutes?post=13320"}],"curies":[{"name":"wp","href":"https:\/\/api.w.org\/{rel}","templated":true}]}}

La reprise d’Altéo Gardanne par UMS

<p><mark style="background-color:rgba(0, 0, 0, 0)" class="has-inline-color has-vivid-red-color">UMS reprend Altéo Gardanne et permet la relance d’un fleuron historique de la métallurgie française.</mark></p>



<p>Altéo Gardanne, qui fournit 71&nbsp;% des besoins français en alumines de spécialité, a fait l’objet d’un plan de redressement arrêté le 7 janvier 2021 par le Tribunal de commerce de Marseille. Le plan proposé conjointement par UMS, candidat repreneur et l’entreprise, permet le redressement de cette dernière, l’apurement se son passif mais également le maintien de quasiment l’intégralité des 511 emplois.</p>



<p>Altéo Gardanne, fleuron historique de la métallurgie et de l’aluminium installé à Gardanne depuis plus d’un siècle, présidée et contrôlée par Altéo Holding (ensemble, le Groupe Altéo) est un leader mondial et le premier producteur français d’alumines de spécialité. Elle réalise plus de 80&nbsp;% de son chiffre d’affaires à l’international, approvisionne 600 clients et est le premier fournisseur intégré d’alumines de spécialité au monde.</p>



<p>En 2019, le groupe connaît des difficultés suite au durcissement des normes environnementales et à l’arrivée à échéance en 2021 des autorisations de stockage des résidus de production, sans garantie de renouvellement. Par un jugement en date du 12 décembre 2019, le Tribunal de commerce de Marseille ouvre alors une procédure de redressement judiciaire. L’objectif : mettre en œuvre les mesures de restructuration d’ajustement de la production et de réduction des coûts nécessaires et déployer les mesures d’adaptation permettant de répondre aux impératifs environnementaux.</p>



<p>En dépit du nombre important de marques d’intérêts, l’ensemble des candidats repreneurs jugent alors non viable l’activité de transformation et concentrent leurs offres de reprise sur l’activité de production. Mais l’un des candidats repreneurs, UMSI, imagine un contrat avec Alteo Gardanne permettant ainsi d’acquérir les actions d’Altéo Holding, pour devenir l’actionnaire de contrôle d’Altéo Gardanne et présenter un plan de continuation viable.</p>



<p>Cette nouvelle structuration, approuvée par le ministère de l’Économie et des Finances, a ainsi permis de maintenir la garantie environnementale donnée par Rio Tinto à Altéo Gardanne SES tout en recentrant l’activité du groupe sur les alumines de spécialité.</p>



<p>Le plan de redressement, dont les administrateurs judiciaires sont maintenant commissaires, a également permis de proposer des modalités d’apurement du passif satisfaisantes et le maintien de la quasi-totalité des emplois directs et indirects qui ont un impact sur l’activité portuaire de FOs. Une nouvelle ère s’ouvre désormais pour Alteo, dont UMSI entend bien en faire le leader mondial des alumines de spécialités sur le long terme.</p>
